greatest common divisor of 204 and 6885.
51
What is the highest common factor of 31 and 1798?
31
What is the greatest common factor of 26 and 2834?
26
What is the highest common divisor of 150 and 5?
5
What is the greatest common divisor of 1260 and 900?
180
Calculate the highest common divisor of 20655 and 105.
15
Calculate the greatest common factor of 209 and 88.
11
What is the highest common divisor of 12 and 24?
12
Calculate the greatest common divisor of 20 and 3908.
4
Calculate the highest common divisor of 10492 and 244.
244
Calculate the greatest common divisor of 1078 and 231.
77
What is the highest common divisor of 177 and 6?
3
Calculate the greatest common factor of 32 and 1520.
16
What is the highest common factor of 762 and 174?
6
Calculate the highest common divisor of 12 and 48.
12
Calculate the highest common factor of 241 and 4097.
241
Calculate the greatest common factor of 1256 and 8.
8
What is the highest common divisor of 1120 and 1365?
35
Calculate the highest common factor of 306 and 468.
18
What is the highest common divisor of 16 and 20728?
8
What is the greatest common divisor of 44 and 32?
4
What is the highest common divisor of 3208 and 64?
8
What is the highest common divisor of 37 and 7807?
37
Calculate the highest common divisor of 8 and 1116.
4
Calculate the greatest common factor of 21 and 4326.
21
Calculate the highest common factor of 30 and 375.
15
Calculate the greatest common divisor of 31 and 7037.
31
What is the highest common factor of 12 and 228?
12
What is the highest common factor of 13 and 923?
13
What is the highest common divisor of 940 and 8?
4
What is the greatest common factor of 4316 and 52?
52
What is the highest common factor of 63 and 3141?
9
Calculate the highest common factor of 48 and 752.
16
What is the highest common factor of 1350 and 650?
50
What is the highest common factor of 667 and 29?
29
What is the highest common factor of 60 and 3228?
12
What is the highest common divisor of 252 and 864?
36
Calculate the highest common factor of 2947 and 7.
7
What is the greatest common divisor of 3375 and 27?
27
What is the highest common divisor of 357 and 102?
51
Calculate the highest common divisor of 6235 and 1720.
215
Calculate the greatest common divisor of 255 and 204.
51
Calculate the highest common divisor of 253 and 176.
11
What is the greatest common factor of 999 and 405?
27
Calculate the greatest common divisor of 64 and 480.
32
What is the greatest common divisor of 3372 and 24?
12
Calculate the highest common factor of 2046 and 66.
66
Calculate the highest common divisor of 13 and 871.
13
What is the highest common factor of 6 and 51?
3
What is the greatest common factor of 33541 and 17?
17
What is the greatest common factor of 116 and 261?
29
Calculate the highest common divisor of 396 and 36.
36
What is the highest common factor of 345 and 46?
23
Calculate the greatest common divisor of 374 and 136.
34
What is the greatest common divisor of 102 and 18?
6
Calculate the highest common divisor of 15 and 210.
15
Calculate the highest common factor of 1944 and 24.
24
What is the greatest common divisor of 756 and 168?
84
What is the highest common divisor of 102 and 12988?
34
Calculate the highest common divisor of 174 and 30.
6
What is the greatest common divisor of 1692 and 180?
36
Calculate the greatest common factor of 21 and 231.
21
What is the highest common factor of 215 and 4859?
43
Calculate the greatest common divisor of 32 and 48.
16
What is the highest common factor of 20898 and 86?
86
What is the greatest common divisor of 1845 and 82?
41
What is the greatest common factor of 1508 and 104?
52
Calculate the highest common factor of 14691 and 177.
177
What is the greatest common divisor of 63 and 74403?
63
What is the highest common divisor of 9 and 19?
1
Calculate the highest common divisor of 120 and 4065.
15
What is the greatest common divisor of 10813 and 121?
11
What is the greatest common factor of 980 and 35?
35
Calculate the greatest common factor of 302 and 1661.
151
Calculate the greatest common factor of 6144 and 3.
3
Calculate the highest common factor of 13 and 208.
13
What is the highest common divisor of 1833 and 351?
39
Calculate the greatest common divisor of 279 and 18.
9
Calculate the highest common divisor of 152 and 2546.
38
Calculate the greatest common divisor of 1491 and 4899.
213
Calculate the highest common divisor of 45 and 25.
5
What is the greatest common divisor of 595 and 105?
35
What is the greatest common factor of 16 and 3208?
8
What is the greatest common divisor of 32393 and 87?
29
What is the highest common factor of 34 and 4454?
34
Calculate the highest common divisor of 42 and 3717.
21
Calculate the highest common divisor of 615 and 3813.
123
Calculate the highest common divisor of 230 and 1000.
10
What is the greatest common factor of 147 and 112?
7
Calculate the highest common factor of 1391 and 13.
13
Calculate the highest common factor of 213 and 3.
3
What is the highest common factor of 34632 and 26?
26
Calculate the greatest common factor of 7314 and 207.
69
What is the greatest common factor of 3870 and 688?
86
What is the highest common factor of 333 and 54279?
333
Calculate the greatest common factor of 30 and 6450.
30
What is the highest common factor of 648 and 171?
9
Calculate the highest common divisor of 16 and 32.
16
What is the greatest common factor of 21 and 14?
7
What is the highest common factor of 54 and 23202?
18
Calculate the greatest common divisor of 17 and 2890.
17
What is the highest common factor of 1904 and 112?
112
Calculate the highest common factor of 1088 and 17.
17
What is the greatest common factor of 296 and 999?
37
What is the highest common divisor of 539 and 6125?
49
What is the greatest common divisor of 4120 and 80?
40
What is the greatest common factor of 1794 and 234?
78
Calculate the highest common divisor of 19 and 24111.
19
What is the greatest common divisor of 990 and 675?
45
What is the highest common factor of 195 and 17290?
65
What is the greatest common factor of 2873 and 676?
169
Calculate the greatest common divisor of 550 and 350.
50
What is the highest common divisor of 258 and 72?
6
Calculate the greatest common factor of 84 and 74088.
84
Calculate the highest common divisor of 720 and 4140.
180
What is the greatest common divisor of 45 and 105?
15
Calculate the highest common divisor of 17741 and 113.
113
What is the highest common factor of 44 and 1969?
11
What is the greatest common divisor of 242 and 2?
2
Calculate the greatest common factor of 194 and 4.
2
What is the greatest common divisor of 13 and 2821?
13
What is the highest common divisor of 15 and 795?
15
What is the greatest common factor of 8 and 2154?
2
Calculate the greatest common factor of 3355 and 183.
61
What is the highest common divisor of 145 and 2320?
145
Calculate the highest common factor of 203 and 56.
7
Calculate the highest common factor of 1235 and 143.
13
What is the highest common divisor of 8 and 152?
8
What is the highest common factor of 429 and 66?
33
What is the greatest common divisor of 65 and 20?
5
Calculate the greatest common factor of 35 and 371.
7
Calculate the highest common factor of 246 and 410.
82
What is the greatest common factor of 1862 and 190?
38
Calculate the highest common divisor of 51 and 102.
51
What is the highest common divisor of 2261 and 95?
19
Calculate the highest common divisor of 2138 and 2.
2
What is the highest common divisor of 63 and 14427?
63
Calculate the greatest common divisor of 92 and 1196.
92
Calculate the highest common divisor of 376 and 141.
47
Calculate the greatest common factor of 6 and 558.
6
Calculate the highest common factor of 731 and 459.
17
What is the highest common divisor of 1751 and 136?
17
Calculate the greatest common divisor of 975 and 39.
39
Calculate the highest common divisor of 1752 and 1825.
73
What is the highest common factor of 3537 and 27?
27
What is the highest common factor of 21 and 57?
3
What is the greatest common divisor of 1390 and 10?
10
Calculate the highest common factor of 98 and 210.
14
Calculate the highest common factor of 63 and 294.
21
What is the highest common factor of 1146 and 24?
6
Calculate th